{"id":3143,"date":"2011-12-15T15:51:12","date_gmt":"2011-12-15T14:51:12","guid":{"rendered":"http:\/\/www.colegioluissolana.com\/?page_id=3143"},"modified":"2011-12-15T15:51:12","modified_gmt":"2011-12-15T14:51:12","slug":"el-corro-no-69","status":"publish","type":"page","link":"http:\/\/www.colegioluissolana.com\/?page_id=3143","title":{"rendered":"EL CORRO N\u00ba 69"},"content":{"rendered":"<p><a href=\"http:\/\/www.colegioluissolana.com\/wp-content\/uploads\/2011\/12\/69_00.pdf\" target=\"_blank\">Portada<\/a><\/p>\n<p><a href=\"http:\/\/www.colegioluissolana.com\/wp-content\/uploads\/2011\/12\/69_01.pdf\" target=\"_blank\">P\u00e1g_01: IM\u00c1GENES DEL TRIMESTRE_ XXIII Semana Cultural.<\/a><\/p>\n<p><a href=\"http:\/\/www.colegioluissolana.com\/wp-content\/uploads\/2011\/12\/69_02.pdf\" target=\"_blank\">P\u00e1g_02: EDITORIAL<\/a><\/p>\n<p><a href=\"http:\/\/www.colegioluissolana.com\/wp-content\/uploads\/2011\/12\/69_03.pdf\" target=\"_blank\">p\u00c1G_03: ACTUALIDAD_XXIII Semana Cultural Escolar.<\/a><\/p>\n<p><a href=\"http:\/\/www.colegioluissolana.com\/wp-content\/uploads\/2011\/12\/69_04.pdf\" target=\"_blank\">P\u00e1g_04: BREVES_ Pas\u00f3 en el tercer trimestre.<\/a><\/p>\n<p><a href=\"http:\/\/www.colegioluissolana.com\/wp-content\/uploads\/2011\/12\/69_05.pdf\" target=\"_blank\">P\u00e1g_05: TEMAS: Mi sue\u00f1o ser\u00eda&#8230;<\/a><\/p>\n<p><a href=\"http:\/\/www.colegioluissolana.com\/wp-content\/uploads\/2011\/12\/69_06.pdf\" target=\"_blank\">P\u00e1g_06: ESCUELA_Convivencia en Berciana.<\/a><\/p>\n<p><a href=\"http:\/\/www.colegioluissolana.com\/wp-content\/uploads\/2011\/12\/69_07.pdf\" target=\"_blank\">P\u00e1g_07: PUEBLO_22-M: Elecciones municipales.<\/a><\/p>\n<p><a href=\"http:\/\/www.colegioluissolana.com\/wp-content\/uploads\/2011\/12\/69_08.pdf\" target=\"_blank\">P\u00e1g_08: REGI\u00d3N_22-M: Elecciones auton\u00f3micas.<\/a><\/p>\n<p><a href=\"http:\/\/www.colegioluissolana.com\/wp-content\/uploads\/2011\/12\/69_09.pdf\" target=\"_blank\">P\u00e1g_09: PA\u00cdS_Movimiento 15-M.<\/a><\/p>\n<p><a href=\"http:\/\/www.colegioluissolana.com\/wp-content\/uploads\/2011\/12\/69_10.pdf\" target=\"_blank\">P\u00e1g_10: MUNDO_Desastres naturales.<\/a><\/p>\n<p><a href=\"http:\/\/www.colegioluissolana.com\/wp-content\/uploads\/2011\/12\/69_11.pdf\" target=\"_blank\">P\u00e1g_11: LOS PEQUES_INF. 3 A\u00d1OS: Ensalada de frutas.<\/a><\/p>\n<p><a href=\"http:\/\/www.colegioluissolana.com\/wp-content\/uploads\/2011\/12\/69_12.pdf\" target=\"_blank\">P\u00e1g_12: LOS PEQUES: INF. 4 A\u00d1OS: D\u00eda de Berciana.<\/a><\/p>\n<p><a href=\"http:\/\/www.colegioluissolana.com\/wp-content\/uploads\/2011\/12\/69_13.pdf\" target=\"_blank\">P\u00e1g_13: LOS PEQUES_INF. 5 A\u00d1OS: D\u00eda del Libro.<\/a><\/p>\n<p><a href=\"http:\/\/www.colegioluissolana.com\/wp-content\/uploads\/2011\/12\/69_14.pdf\" target=\"_blank\">P\u00e1g_14: LOS PEQUES_1\u00ba DE PRIM._ Juegos reciclados.<\/a><\/p>\n<p><a href=\"http:\/\/www.colegioluissolana.com\/wp-content\/uploads\/2011\/12\/69_15.pdf\" target=\"_blank\">P\u00e1g_15: LOS PEQUES_2\u00ba DE PRIM._ En el Safari.<\/a><\/p>\n<p><a href=\"http:\/\/www.colegioluissolana.com\/wp-content\/uploads\/2011\/12\/69_16.pdf\" target=\"_blank\">P\u00e1g_16: ENGLISH CORNER: From April&#8217;11 to June&#8217;11.<\/a><\/p>\n<p><a href=\"http:\/\/www.colegioluissolana.com\/wp-content\/uploads\/2011\/12\/69_17.pdf\" target=\"_blank\">P\u00e1g_17: POEMAS_Taller de poes\u00eda.<\/a><\/p>\n<p><a href=\"http:\/\/www.colegioluissolana.com\/wp-content\/uploads\/2011\/12\/69_18.pdf\" target=\"_blank\">P\u00e1g_18: BUZ\u00d3N_Carta de la A.M.P.A.<\/a><\/p>\n<p><a href=\"http:\/\/www.colegioluissolana.com\/wp-content\/uploads\/2011\/12\/69_19.pdf\" target=\"_blank\">P\u00e1g_19: RECOMENDADOS_Para que leas&#8230;<\/a><\/p>\n<p><a href=\"http:\/\/www.colegioluissolana.com\/wp-content\/uploads\/2011\/12\/69_20.pdf\" target=\"_blank\">P\u00e1g_20: ENTREVISTA: Ndiawar, m\u00fasico inmigrante de Senegal.<\/a><\/p>\n<p><a href=\"http:\/\/www.colegioluissolana.com\/wp-content\/uploads\/2011\/12\/69_21.pdf\" target=\"_blank\">P\u00e1g_21: PASATIEMPOS<\/a><\/p>\n<p><a href=\"http:\/\/www.colegioluissolana.com\/wp-content\/uploads\/2011\/12\/69_22.pdf\" target=\"_blank\">p\u00c1G_22: HUMOR.<\/a><\/p>\n<p><a href=\"http:\/\/www.colegioluissolana.com\/wp-content\/uploads\/2011\/12\/69_23.pdf\" target=\"_blank\">P\u00e1g_23: CONTRAPORTADAS: Educando en valores (Pour prot\u00e9ger l&#8217;envinonnement&#8230;)<\/a><\/p>\n","protected":false},"excerpt":{"rendered":"<p>Portada P\u00e1g_01: IM\u00c1GENES DEL TRIMESTRE_ XXIII Semana Cultural. P\u00e1g_02: EDITORIAL p\u00c1G_03: ACTUALIDAD_XXIII Semana Cultural Escolar. P\u00e1g_04: BREVES_ Pas\u00f3 en el tercer trimestre. P\u00e1g_05: TEMAS: Mi sue\u00f1o ser\u00eda&#8230; P\u00e1g_06: ESCUELA_Convivencia en Berciana. P\u00e1g_07: PUEBLO_22-M: Elecciones municipales. P\u00e1g_08: REGI\u00d3N_22-M: Elecciones auton\u00f3micas. P\u00e1g_09: &hellip; <a href=\"http:\/\/www.colegioluissolana.com\/?page_id=3143\">Sigue leyendo <span class=\"meta-nav\">&rarr;<\/span><\/a><\/p>\n","protected":false},"author":7,"featured_media":0,"parent":125,"menu_order":0,"comment_status":"closed","ping_status":"open","template":"","meta":[],"_links":{"self":[{"href":"http:\/\/www.colegioluissolana.com\/index.php?rest_route=\/wp\/v2\/pages\/3143"}],"collection":[{"href":"http:\/\/www.colegioluissolana.com\/index.php?rest_route=\/wp\/v2\/pages"}],"about":[{"href":"http:\/\/www.colegioluissolana.com\/index.php?rest_route=\/wp\/v2\/types\/page"}],"author":[{"embeddable":true,"href":"http:\/\/www.colegioluissolana.com\/index.php?rest_route=\/wp\/v2\/users\/7"}],"replies":[{"embeddable":true,"href":"http:\/\/www.colegioluissolana.com\/index.php?rest_route=%2Fwp%2Fv2%2Fcomments&post=3143"}],"version-history":[{"count":2,"href":"http:\/\/www.colegioluissolana.com\/index.php?rest_route=\/wp\/v2\/pages\/3143\/revisions"}],"predecessor-version":[{"id":3170,"href":"http:\/\/www.colegioluissolana.com\/index.php?rest_route=\/wp\/v2\/pages\/3143\/revisions\/3170"}],"up":[{"embeddable":true,"href":"http:\/\/www.colegioluissolana.com\/index.php?rest_route=\/wp\/v2\/pages\/125"}],"wp:attachment":[{"href":"http:\/\/www.colegioluissolana.com\/index.php?rest_route=%2Fwp%2Fv2%2Fmedia&parent=3143"}],"curies":[{"name":"wp","href":"https:\/\/api.w.org\/{rel}","templated":true}]}}