{"id":101,"date":"2007-11-19T21:41:19","date_gmt":"2007-11-19T20:41:19","guid":{"rendered":"http:\/\/www.colegioluissolana.com\/?page_id=101"},"modified":"2021-05-05T17:49:36","modified_gmt":"2021-05-05T16:49:36","slug":"resena-historica","status":"publish","type":"page","link":"https:\/\/www.colegioluissolana.com\/?page_id=101","title":{"rendered":"RESE\u00d1A HIST\u00d3RICA"},"content":{"rendered":"\r\n<div class=\"wp-block-image\">\r\n<figure class=\"aligncenter size-large is-resized\"><br \/><img loading=\"lazy\" class=\"wp-image-8476 aligncenter\" src=\"http:\/\/www.colegioluissolana.com\/wp-content\/uploads\/2021\/02\/Inauguraci\u00f3n-colegio-2.png\" alt=\"\" width=\"505\" height=\"324\" srcset=\"https:\/\/www.colegioluissolana.com\/wp-content\/uploads\/2021\/02\/Inauguraci\u00f3n-colegio-2.png 570w, https:\/\/www.colegioluissolana.com\/wp-content\/uploads\/2021\/02\/Inauguraci\u00f3n-colegio-2-300x193.png 300w\" sizes=\"(max-width: 505px) 100vw, 505px\" \/><\/figure>\r\n<\/div>\r\n\r\n<p style=\"font-size: 12px; color: #fefef4; font-family: Arial, Helvetica, sans-serif;\"><span style=\"color: #ff6600;\"><strong>Don Juan Manuel que fue profesor de nuestro colegio <\/strong><strong>es el autor de la Rese\u00f1a Hist\u00f3rica que puedes encontrar en el enlace siguiente:<\/strong><\/span><\/p>\r\n<p><span style=\"color: #ff6600;\"><strong><a style=\"color: #ff6600;\" title=\"RESE\u00d1A HIST\u00d3RICA\" href=\"http:\/\/www.colegioluissolana.com\/wp-content\/uploads\/2007\/11\/el-grupo-escolar.pdf\" target=\"_blank\" rel=\"noopener noreferrer\">RESE\u00d1A HIST\u00d3RICA<\/a><\/strong><\/span><\/p>\r\n<p><span style=\"color: #ff6600;\"><a style=\"color: #ff6600;\" title=\"FOTOS DE LA INAUGURACI\u00d3N DEL COLEGIO\" href=\"http:\/\/www.colegioluissolana.com\/wp-content\/uploads\/2007\/11\/fotografias-tomadas-con-motivo-de-la-inauguracion-del-colegi.pdf\" target=\"_blank\" rel=\"noopener noreferrer\">FOTOS DE LA INAURACI\u00d3N DEL COLEGIO<\/a><\/span><\/p>\r\n<p><a style=\"font-size: 12px; color: #ffcc33; font-family: Arial, Helvetica, sans-serif;\" href=\"http:\/\/www.colegioluissolana.com\/?page_id=33\">VOLVER A \u00abNUESTRO COLEGIO\u00bb<\/a><\/p>","protected":false},"excerpt":{"rendered":"<p>Don Juan Manuel que fue profesor de nuestro colegio es el autor de la Rese\u00f1a Hist\u00f3rica que puedes encontrar en el enlace siguiente: RESE\u00d1A HIST\u00d3RICA FOTOS DE LA INAURACI\u00d3N DEL COLEGIO VOLVER A \u00abNUESTRO COLEGIO\u00bb<\/p>\n","protected":false},"author":2,"featured_media":0,"parent":33,"menu_order":12,"comment_status":"closed","ping_status":"open","template":"","meta":[],"_links":{"self":[{"href":"https:\/\/www.colegioluissolana.com\/index.php?rest_route=\/wp\/v2\/pages\/101"}],"collection":[{"href":"https:\/\/www.colegioluissolana.com\/index.php?rest_route=\/wp\/v2\/pages"}],"about":[{"href":"https:\/\/www.colegioluissolana.com\/index.php?rest_route=\/wp\/v2\/types\/page"}],"author":[{"embeddable":true,"href":"https:\/\/www.colegioluissolana.com\/index.php?rest_route=\/wp\/v2\/users\/2"}],"replies":[{"embeddable":true,"href":"https:\/\/www.colegioluissolana.com\/index.php?rest_route=%2Fwp%2Fv2%2Fcomments&post=101"}],"version-history":[{"count":5,"href":"https:\/\/www.colegioluissolana.com\/index.php?rest_route=\/wp\/v2\/pages\/101\/revisions"}],"predecessor-version":[{"id":8826,"href":"https:\/\/www.colegioluissolana.com\/index.php?rest_route=\/wp\/v2\/pages\/101\/revisions\/8826"}],"up":[{"embeddable":true,"href":"https:\/\/www.colegioluissolana.com\/index.php?rest_route=\/wp\/v2\/pages\/33"}],"wp:attachment":[{"href":"https:\/\/www.colegioluissolana.com\/index.php?rest_route=%2Fwp%2Fv2%2Fmedia&parent=101"}],"curies":[{"name":"wp","href":"https:\/\/api.w.org\/{rel}","templated":true}]}}