{"id":1991,"date":"2010-06-21T09:00:01","date_gmt":"2010-06-21T08:00:01","guid":{"rendered":"http:\/\/www.colegioluissolana.com\/?page_id=1991"},"modified":"2010-06-21T09:07:35","modified_gmt":"2010-06-21T08:07:35","slug":"el-corro-n%c2%ba-66","status":"publish","type":"page","link":"https:\/\/www.colegioluissolana.com\/?page_id=1991","title":{"rendered":"El Corro n\u00ba 66"},"content":{"rendered":"<p><a href=\"http:\/\/www.colegioluissolana.com\/wp-content\/uploads\/2010\/06\/66_003.jpg\"><img loading=\"lazy\" class=\"alignnone size-thumbnail wp-image-2036\" title=\"corro66\" src=\"http:\/\/www.colegioluissolana.com\/wp-content\/uploads\/2010\/06\/66_003-150x150.jpg\" alt=\"\" width=\"150\" height=\"150\" \/><\/a><\/p>\n<p><a href=\"http:\/\/www.colegioluissolana.com\/wp-content\/uploads\/2010\/06\/66_00.pdf\" target=\"_blank\">66_00_portada<\/a><\/p>\n<p><a href=\"http:\/\/www.colegioluissolana.com\/wp-content\/uploads\/2010\/06\/66_01.pdf\" target=\"_blank\">66_01_EDITORIAL<\/a><\/p>\n<p><a href=\"http:\/\/www.colegioluissolana.com\/wp-content\/uploads\/2010\/06\/66_02.pdf\" target=\"_blank\">66_02_ACTUALIDAAD: XXII Semana Cultural<\/a><\/p>\n<p><a href=\"http:\/\/www.colegioluissolana.com\/wp-content\/uploads\/2010\/06\/66_031.pdf\" target=\"_blank\">66_03_NOTICIAS BREVES<\/a><\/p>\n<p><a href=\"http:\/\/www.colegioluissolana.com\/wp-content\/uploads\/2010\/06\/66_04.pdf\" target=\"_blank\">66_04_NUESTRA ESCUELA: Pizarras Digitales<\/a><\/p>\n<p><a href=\"http:\/\/www.colegioluissolana.com\/wp-content\/uploads\/2010\/06\/66_051.pdf\" target=\"_blank\">66_05_NUESTRO PUEBLO: Instalaciones deportivas<\/a><\/p>\n<p><a href=\"http:\/\/www.colegioluissolana.com\/wp-content\/uploads\/2010\/06\/66_06.pdf\" target=\"_blank\">66_06_NUESTRA REGI\u00d3N: El deporte en Castilla-La Mancha<\/a><\/p>\n<p><a href=\"http:\/\/www.colegioluissolana.com\/wp-content\/uploads\/2010\/06\/66_07.pdf\">66_07_PA\u00cdS: Medidas contra la crisis<\/a><\/p>\n<p><a href=\"http:\/\/www.colegioluissolana.com\/wp-content\/uploads\/2010\/06\/66_08.pdf\" target=\"_blank\">66_08_MUNDO: Desastre en el Golfo de M\u00e9xico<\/a><\/p>\n<p><a href=\"http:\/\/www.colegioluissolana.com\/wp-content\/uploads\/2010\/06\/66_09.pdf\" target=\"_blank\">66_09_TEMAS: Mi animal favorito<\/a><\/p>\n<p><a href=\"http:\/\/www.colegioluissolana.com\/wp-content\/uploads\/2010\/06\/66_10.pdf\" target=\"_blank\">66_10_INFANTIL 3 A\u00d1OS: Bo and the beasty bunch<\/a><\/p>\n<p><a href=\"http:\/\/www.colegioluissolana.com\/wp-content\/uploads\/2010\/06\/66_11.pdf\" target=\"_blank\">66_11_INFANTIL 4 A\u00d1OS: Berciana<\/a><\/p>\n<p><a href=\"http:\/\/www.colegioluissolana.com\/wp-content\/uploads\/2010\/06\/66_12.pdf\" target=\"_blank\">66_12_INFANTIL 5 A\u00d1OS: Talleres (Semana Cultural)<\/a><\/p>\n<p><a href=\"http:\/\/www.colegioluissolana.com\/wp-content\/uploads\/2010\/06\/66_13.pdf\" target=\"_blank\">66_13_1\u00ba DE PRIMARIA: Taller de cocina<\/a><\/p>\n<p><a href=\"http:\/\/www.colegioluissolana.com\/wp-content\/uploads\/2010\/06\/66_14.pdf\" target=\"_blank\">66_14_2\u00ba DE PRIMARIA: El Pardo_La Guardia Real<\/a><\/p>\n<p><a href=\"http:\/\/www.colegioluissolana.com\/wp-content\/uploads\/2010\/06\/66_15.pdf\" target=\"_blank\">66_15_ENGLISH CORNER: From April\u201910 to June\u201910<\/a><\/p>\n<p><a href=\"http:\/\/www.colegioluissolana.com\/wp-content\/uploads\/2010\/06\/66_16.pdf\" target=\"_blank\">66_16_ENTREVISTA: Am\u00edlcar M\u00e9ndez<\/a><\/p>\n<p><a href=\"http:\/\/www.colegioluissolana.com\/wp-content\/uploads\/2010\/06\/66_17.pdf\" target=\"_blank\">66_17_POEMAS: Homenaje a Miguel Hern\u00e1ndez (II)<\/a><\/p>\n<p><a href=\"http:\/\/www.colegioluissolana.com\/wp-content\/uploads\/2010\/06\/66_18.pdf\" target=\"_blank\">66_18_BUZ\u00d3N: CARTA DE LA A.M.P.A.<\/a><\/p>\n<p><a href=\"http:\/\/www.colegioluissolana.com\/wp-content\/uploads\/2010\/06\/66_19.pdf\" target=\"_blank\">66_19_RECOMENDADOS: An\u00edmate a leer<\/a><\/p>\n<p><a href=\"http:\/\/www.colegioluissolana.com\/wp-content\/uploads\/2010\/06\/66_20.pdf\" target=\"_blank\">66_20_PASATIEMPOS: 12 diferencias.<\/a><\/p>\n<p><a href=\"http:\/\/www.colegioluissolana.com\/wp-content\/uploads\/2010\/06\/66_21.pdf\" target=\"_blank\">66_21_HUMOS: De risa<\/a><\/p>\n<p><a href=\"http:\/\/www.colegioluissolana.com\/wp-content\/uploads\/2010\/06\/66_22.pdf\" target=\"_blank\">66_22_REPORTAJE: La actualidad en im\u00e1genes<\/a><\/p>\n<p><a href=\"http:\/\/www.colegioluissolana.com\/wp-content\/uploads\/2010\/06\/66_23.pdf\" target=\"_blank\">66_23_CONTRAPORTADA: Un cole con mucho arte<\/a><\/p>\n","protected":false},"excerpt":{"rendered":"<p>66_00_portada 66_01_EDITORIAL 66_02_ACTUALIDAAD: XXII Semana Cultural 66_03_NOTICIAS BREVES 66_04_NUESTRA ESCUELA: Pizarras Digitales 66_05_NUESTRO PUEBLO: Instalaciones deportivas 66_06_NUESTRA REGI\u00d3N: El deporte en Castilla-La Mancha 66_07_PA\u00cdS: Medidas contra la crisis 66_08_MUNDO: Desastre en el Golfo de M\u00e9xico 66_09_TEMAS: Mi animal favorito 66_10_INFANTIL &hellip; <a href=\"https:\/\/www.colegioluissolana.com\/?page_id=1991\">Sigue leyendo <span class=\"meta-nav\">&rarr;<\/span><\/a><\/p>\n","protected":false},"author":7,"featured_media":0,"parent":125,"menu_order":0,"comment_status":"closed","ping_status":"open","template":"","meta":[],"_links":{"self":[{"href":"https:\/\/www.colegioluissolana.com\/index.php?rest_route=\/wp\/v2\/pages\/1991"}],"collection":[{"href":"https:\/\/www.colegioluissolana.com\/index.php?rest_route=\/wp\/v2\/pages"}],"about":[{"href":"https:\/\/www.colegioluissolana.com\/index.php?rest_route=\/wp\/v2\/types\/page"}],"author":[{"embeddable":true,"href":"https:\/\/www.colegioluissolana.com\/index.php?rest_route=\/wp\/v2\/users\/7"}],"replies":[{"embeddable":true,"href":"https:\/\/www.colegioluissolana.com\/index.php?rest_route=%2Fwp%2Fv2%2Fcomments&post=1991"}],"version-history":[{"count":5,"href":"https:\/\/www.colegioluissolana.com\/index.php?rest_route=\/wp\/v2\/pages\/1991\/revisions"}],"predecessor-version":[{"id":2035,"href":"https:\/\/www.colegioluissolana.com\/index.php?rest_route=\/wp\/v2\/pages\/1991\/revisions\/2035"}],"up":[{"embeddable":true,"href":"https:\/\/www.colegioluissolana.com\/index.php?rest_route=\/wp\/v2\/pages\/125"}],"wp:attachment":[{"href":"https:\/\/www.colegioluissolana.com\/index.php?rest_route=%2Fwp%2Fv2%2Fmedia&parent=1991"}],"curies":[{"name":"wp","href":"https:\/\/api.w.org\/{rel}","templated":true}]}}