{"id":34,"date":"2007-11-06T17:40:42","date_gmt":"2007-11-06T15:40:42","guid":{"rendered":"http:\/\/www.colegioluissolana.com\/?page_id=34"},"modified":"2025-02-17T12:09:39","modified_gmt":"2025-02-17T11:09:39","slug":"descarga-de-documentos","status":"publish","type":"page","link":"https:\/\/www.colegioluissolana.com\/?page_id=34","title":{"rendered":"DESCARGA DE DOCUMENTOS"},"content":{"rendered":"<p>Seleccione el documento deseado. Se abrir\u00e1 en formato PDF, despu\u00e9s puede descargarlo, imprimirlo y rellenarlo. Una vez tenga el documento completo puede hacerlo llegar al centro a trav\u00e9s de los medios disponibles (Pap\u00e1s, correo electr\u00f3nico o cita previa en secretar\u00eda).<\/p>\r\n<p style=\"text-align: center;\"><strong><span style=\"color: #ff6600;\">AUTORIZACIONES VARIAS<\/span><\/strong><\/p>\r\n<p><a href=\"http:\/\/www.colegioluissolana.com\/wp-content\/uploads\/2023\/09\/AUTORIZACION-OTRAS-PERSONAS_-CENTRO.pdf\" target=\"_blank\" rel=\"noopener\">\u00a0<\/a><a href=\"http:\/\/www.colegioluissolana.com\/wp-content\/uploads\/2025\/02\/AUTORIZACION-OTRAS-PERSONAS-SALIDA-DEL-CENTRO.pdf\" target=\"_blank\" rel=\"noopener\">AUTORIZACI\u00d3N OTRAS PERSONAS SALIDA DEL CENTRO<\/a><\/p>\r\n<p><a href=\"http:\/\/www.colegioluissolana.com\/wp-content\/uploads\/2025\/02\/AUTORIZACION-SALIDA-DEL-CENTRO.pdf\" target=\"_blank\" rel=\"noopener\">AUTORIZACI\u00d3N SALIDA DEL CENTRO<\/a><\/p>\r\n<p><a href=\"http:\/\/www.colegioluissolana.com\/wp-content\/uploads\/2025\/02\/AUTORIZACION-CREDENCIALES-EDUCAMOS.pdf\" target=\"_blank\" rel=\"noopener\">AUTORIZACION-CREDENCIALES-EDUCAMOS<\/a><\/p>\r\n<p>&nbsp;<\/p>\r\n<p style=\"text-align: center;\"><strong><span style=\"color: #ff6600;\">MATR\u00cdCULAS<\/span><\/strong><\/p>\r\n<p><a href=\"http:\/\/www.colegioluissolana.com\/wp-content\/uploads\/2024\/07\/FICHA-MATRICULA-CURSO-24_25.pdf\" target=\"_blank\" rel=\"noopener\">FICHA-MATRICULA-CURSO-24_25<\/a><\/p>\r\n<p><a href=\"http:\/\/www.colegioluissolana.com\/wp-content\/uploads\/2020\/06\/DECLARACI\u00d3N-RESPONSABLE-1.pdf\" target=\"_blank\" rel=\"noopener\">DECLARACI\u00d3N RESPONSABLE\u00a0<\/a><\/p>\r\n<p><a href=\"http:\/\/www.colegioluissolana.com\/wp-content\/uploads\/2021\/04\/DOCUMENTACION-A-APORTAR-JUNTO-LA-FICHA-DE-MATRICULA.pdf\" target=\"_blank\" rel=\"noopener\">DOCUMENTACI\u00d3N-A-APORTAR-JUNTO-LA-FICHA-DE-MATR\u00cdCULA<\/a><\/p>\r\n<p>&nbsp;<\/p>\r\n<p style=\"text-align: center;\"><strong><span style=\"color: #ff6600;\">COMEDOR<\/span><\/strong><\/p>\r\n<p><a href=\"http:\/\/www.colegioluissolana.com\/wp-content\/uploads\/2024\/05\/ALTA-COMEDOR-CURSO-24-25-1.pdf\" target=\"_blank\" rel=\"noopener\">ALTA-COMEDOR-CURSO-24-25<\/a><\/p>\r\n<p><a href=\"http:\/\/www.colegioluissolana.com\/wp-content\/uploads\/2025\/02\/AUTORIZACION-OTRAS-PERSONAS-SALIDA-DEL-CENTRO-1.pdf\" target=\"_blank\" rel=\"noopener\">AUTORIZACI\u00d3N OTRAS PERSONAS SALIDA DEL CENTRO<\/a><\/p>\r\n<p><a href=\"http:\/\/www.colegioluissolana.com\/wp-content\/uploads\/2025\/02\/AUTORIZACION-SALIDA-COMEDOR.pdf\" target=\"_blank\" rel=\"noopener\">AUTORIZACI\u00d3N SALIDA COMEDOR<\/a><\/p>\r\n<p>&nbsp;<\/p>\r\n<p style=\"text-align: center;\"><strong><span style=\"color: #ff6600;\">DOCUMENTOS VARIOS<\/span><\/strong><\/p>\r\n<p><a href=\"http:\/\/www.colegioluissolana.com\/wp-content\/uploads\/2023\/09\/FORMULARIO_DE_SOLICITUD_DE_COPIAS_DE_LOS_EXAMENES-1.pdf\" target=\"_blank\" rel=\"noopener\">FORMULARIO_DE_SOLICITUD_DE_COPIAS_DE_LOS_EXAMENES<\/a><\/p>\r\n<p><a href=\"http:\/\/www.colegioluissolana.com\/wp-content\/uploads\/2024\/05\/CAMBIO-RELIGION-ALTERNATIVA-24_25-1.pdf\" target=\"_blank\" rel=\"noopener\">CAMBIO-RELIGION-ALTERNATIVA 24_25<\/a><\/p>\r\n","protected":false},"excerpt":{"rendered":"<p>Seleccione el documento deseado. Se abrir\u00e1 en formato PDF, despu\u00e9s puede descargarlo, imprimirlo y rellenarlo. Una vez tenga el documento completo puede hacerlo llegar al centro a trav\u00e9s de los medios disponibles (Pap\u00e1s, correo electr\u00f3nico o cita previa en secretar\u00eda). &hellip; <a href=\"https:\/\/www.colegioluissolana.com\/?page_id=34\">Sigue leyendo <span class=\"meta-nav\">&rarr;<\/span><\/a><\/p>\n","protected":false},"author":7,"featured_media":0,"parent":0,"menu_order":1,"comment_status":"closed","ping_status":"open","template":"","meta":[],"_links":{"self":[{"href":"https:\/\/www.colegioluissolana.com\/index.php?rest_route=\/wp\/v2\/pages\/34"}],"collection":[{"href":"https:\/\/www.colegioluissolana.com\/index.php?rest_route=\/wp\/v2\/pages"}],"about":[{"href":"https:\/\/www.colegioluissolana.com\/index.php?rest_route=\/wp\/v2\/types\/page"}],"author":[{"embeddable":true,"href":"https:\/\/www.colegioluissolana.com\/index.php?rest_route=\/wp\/v2\/users\/7"}],"replies":[{"embeddable":true,"href":"https:\/\/www.colegioluissolana.com\/index.php?rest_route=%2Fwp%2Fv2%2Fcomments&post=34"}],"version-history":[{"count":52,"href":"https:\/\/www.colegioluissolana.com\/index.php?rest_route=\/wp\/v2\/pages\/34\/revisions"}],"predecessor-version":[{"id":11674,"href":"https:\/\/www.colegioluissolana.com\/index.php?rest_route=\/wp\/v2\/pages\/34\/revisions\/11674"}],"wp:attachment":[{"href":"https:\/\/www.colegioluissolana.com\/index.php?rest_route=%2Fwp%2Fv2%2Fmedia&parent=34"}],"curies":[{"name":"wp","href":"https:\/\/api.w.org\/{rel}","templated":true}]}}