{"id":92,"date":"2007-11-19T13:51:45","date_gmt":"2007-11-19T12:51:45","guid":{"rendered":"http:\/\/www.colegioluissolana.com\/?page_id=92"},"modified":"2025-10-09T10:22:31","modified_gmt":"2025-10-09T09:22:31","slug":"unidad-de-orientacion","status":"publish","type":"page","link":"https:\/\/www.colegioluissolana.com\/?page_id=92","title":{"rendered":"VARIOS"},"content":{"rendered":"<p style=\"text-align: center;\"><strong><span style=\"color: #ff9900;\">\u00bfQU\u00c9 SIGNIFICA UN RECREO ACTIVO?<\/span><\/strong><\/p>\n<p>El recreo es uno de los momentos de la jornada en el que el alumnado tiene la oportunidad de divertirse, hacer ejercicio, relajarse, relacionarse y aprender.<\/p>\n<p>El recreo activo es una propuesta a la comunidad educativa para mejorar la adherencia a la actividad f\u00edsica del alumnado durante los recreos, de manera que sea activo y contribuya a generar h\u00e1bitos saludables que a su vez puedan extrapolar a su rutina diaria. (Delgado-Fern\u00e1ndez, 2006)<\/p>\n<p style=\"text-align: center;\"><span style=\"color: #ff6600;\"><strong>BENEFICIOS DEL RECREO ACTIVO:<\/strong><\/span><\/p>\n<p><strong>F\u00edsicos<\/strong>: El recreo aumenta el tiempo de actividad f\u00edsica para el alumnado; promoviendo mejor salud y aptitud f\u00edsica, ayudando a prevenir la obesidad.<\/p>\n<p><strong>Sociales:<\/strong> El recreo permite que los chicos aprendan y practiquen habilidades sociales importantes como compartici\u00f3n, comunicaci\u00f3n, cooperaci\u00f3n, resoluci\u00f3n de problemas y conflictos y respeto a las normas y el orden.<\/p>\n<p><strong>Emocionales:<\/strong> Ser activo en el recreo reduce la ansiedad y ayuda a controlar y manejar el estr\u00e9s. La mayor\u00eda de las actividades pueden modificarse para asegurar que todo el alumnado pueda participar y recibir los beneficios.<\/p>\n<p><strong>Cognitivos:<\/strong> La actividad f\u00edsica mejora el desarrollo cognitivo. El recreo proporciona un descanso necesario de la experiencia en el aula que permite mejorar los niveles de atenci\u00f3n y concentraci\u00f3n.<\/p>\n<p><img loading=\"lazy\" class=\"alignnone wp-image-12145\" src=\"http:\/\/www.colegioluissolana.com\/wp-content\/uploads\/2025\/10\/RECREOS-ACTIVOS-1o-CICLO-114x300.png\" alt=\"\" width=\"206\" height=\"542\" srcset=\"https:\/\/www.colegioluissolana.com\/wp-content\/uploads\/2025\/10\/RECREOS-ACTIVOS-1o-CICLO-114x300.png 114w, https:\/\/www.colegioluissolana.com\/wp-content\/uploads\/2025\/10\/RECREOS-ACTIVOS-1o-CICLO.png 328w\" sizes=\"(max-width: 206px) 100vw, 206px\" \/><img loading=\"lazy\" class=\"alignnone wp-image-12146\" src=\"http:\/\/www.colegioluissolana.com\/wp-content\/uploads\/2025\/10\/RECREOS-ACTIVOS-2oCICLO-116x300.png\" alt=\"\" width=\"210\" height=\"543\" srcset=\"https:\/\/www.colegioluissolana.com\/wp-content\/uploads\/2025\/10\/RECREOS-ACTIVOS-2oCICLO-116x300.png 116w, https:\/\/www.colegioluissolana.com\/wp-content\/uploads\/2025\/10\/RECREOS-ACTIVOS-2oCICLO.png 336w\" sizes=\"(max-width: 210px) 100vw, 210px\" \/><img loading=\"lazy\" class=\"alignnone wp-image-12147\" src=\"http:\/\/www.colegioluissolana.com\/wp-content\/uploads\/2025\/10\/RECREOS-ACTIVOS-3oCICLO-115x300.png\" alt=\"\" width=\"208\" height=\"542\" srcset=\"https:\/\/www.colegioluissolana.com\/wp-content\/uploads\/2025\/10\/RECREOS-ACTIVOS-3oCICLO-115x300.png 115w, https:\/\/www.colegioluissolana.com\/wp-content\/uploads\/2025\/10\/RECREOS-ACTIVOS-3oCICLO.png 336w\" sizes=\"(max-width: 208px) 100vw, 208px\" \/><\/p>\n<h1 style=\"text-align: right;\"><img loading=\"lazy\" class=\"wp-image-10736 alignleft\" src=\"http:\/\/www.colegioluissolana.com\/wp-content\/uploads\/2023\/11\/libro.jpeg\" alt=\"\" width=\"175\" height=\"129\" srcset=\"https:\/\/www.colegioluissolana.com\/wp-content\/uploads\/2023\/11\/libro.jpeg 391w, https:\/\/www.colegioluissolana.com\/wp-content\/uploads\/2023\/11\/libro-300x221.jpeg 300w\" sizes=\"(max-width: 175px) 100vw, 175px\" \/><strong><span style=\"color: #008000;\"><a style=\"color: #008000;\" href=\"http:\/\/www.colegioluissolana.com\/wp-content\/uploads\/2023\/11\/TECNICAS_DE_ESTUDIO.pdf\" target=\"_blank\" rel=\"noopener\">TECNICAS_DE_ESTUDIO<\/a><\/span><\/strong><\/h1>\n<h1><a href=\"http:\/\/www.colegioluissolana.com\/wp-content\/uploads\/2025\/01\/TECNICAS-DE-ESTUDIO-II.pdf\" target=\"_blank\" rel=\"noopener\">T\u00c9CNICAS DE ESTUDIO II<\/a><\/h1>\n<hr \/>\n<h1 style=\"text-align: center;\"><span style=\"color: #008000;\"><strong><a style=\"color: #008000;\" href=\"http:\/\/www.colegioluissolana.com\/wp-content\/uploads\/2024\/01\/EFECTO-PIGMALION.pdf\">EFECTO PIGMALION<\/a><\/strong><\/span><\/h1>\n<p><img loading=\"lazy\" class=\"aligncenter wp-image-10852\" src=\"http:\/\/www.colegioluissolana.com\/wp-content\/uploads\/2024\/01\/Imagen.jpg\" alt=\"\" width=\"370\" height=\"312\" srcset=\"https:\/\/www.colegioluissolana.com\/wp-content\/uploads\/2024\/01\/Imagen.jpg 2048w, https:\/\/www.colegioluissolana.com\/wp-content\/uploads\/2024\/01\/Imagen-300x253.jpg 300w, https:\/\/www.colegioluissolana.com\/wp-content\/uploads\/2024\/01\/Imagen-1024x865.jpg 1024w, https:\/\/www.colegioluissolana.com\/wp-content\/uploads\/2024\/01\/Imagen-768x649.jpg 768w, https:\/\/www.colegioluissolana.com\/wp-content\/uploads\/2024\/01\/Imagen-1536x1298.jpg 1536w\" sizes=\"(max-width: 370px) 100vw, 370px\" \/><\/p>\n<hr \/>\n<h1 style=\"text-align: center;\"><strong><span style=\"color: #0000ff;\">RECURSOS\u00a0<\/span><\/strong><\/h1>\n<p><em>Oh, my Dots!<\/em> es un juego en l\u00ednea gratuito que ofrece a los jugadores la oportunidad de jugar gratis e ilimitadamente a juegos de unir los puntos.<\/p>\n<p>Adem\u00e1s de su atractivo contenido,\u00a0<em>Oh, my Dots!<\/em> destaca por su acceso gratuito e ilimitado a los juegos de unir puntos. Los jugadores no necesitan crear una cuenta ni suscribirse para disfrutar de toda la experiencia de juego.<\/p>\n<h2 style=\"text-align: center;\"><a href=\"https:\/\/es.ohmydots.com\/\" target=\"_blank\" rel=\"noopener\">https:\/\/es.ohmydots.com\/<\/a><\/h2>\n","protected":false},"excerpt":{"rendered":"<p>\u00bfQU\u00c9 SIGNIFICA UN RECREO ACTIVO? El recreo es uno de los momentos de la jornada en el que el alumnado tiene la oportunidad de divertirse, hacer ejercicio, relajarse, relacionarse y aprender. El recreo activo es una propuesta a la comunidad &hellip; <a href=\"https:\/\/www.colegioluissolana.com\/?page_id=92\">Sigue leyendo <span class=\"meta-nav\">&rarr;<\/span><\/a><\/p>\n","protected":false},"author":2,"featured_media":0,"parent":33,"menu_order":5,"comment_status":"closed","ping_status":"open","template":"","meta":[],"_links":{"self":[{"href":"https:\/\/www.colegioluissolana.com\/index.php?rest_route=\/wp\/v2\/pages\/92"}],"collection":[{"href":"https:\/\/www.colegioluissolana.com\/index.php?rest_route=\/wp\/v2\/pages"}],"about":[{"href":"https:\/\/www.colegioluissolana.com\/index.php?rest_route=\/wp\/v2\/types\/page"}],"author":[{"embeddable":true,"href":"https:\/\/www.colegioluissolana.com\/index.php?rest_route=\/wp\/v2\/users\/2"}],"replies":[{"embeddable":true,"href":"https:\/\/www.colegioluissolana.com\/index.php?rest_route=%2Fwp%2Fv2%2Fcomments&post=92"}],"version-history":[{"count":15,"href":"https:\/\/www.colegioluissolana.com\/index.php?rest_route=\/wp\/v2\/pages\/92\/revisions"}],"predecessor-version":[{"id":12150,"href":"https:\/\/www.colegioluissolana.com\/index.php?rest_route=\/wp\/v2\/pages\/92\/revisions\/12150"}],"up":[{"embeddable":true,"href":"https:\/\/www.colegioluissolana.com\/index.php?rest_route=\/wp\/v2\/pages\/33"}],"wp:attachment":[{"href":"https:\/\/www.colegioluissolana.com\/index.php?rest_route=%2Fwp%2Fv2%2Fmedia&parent=92"}],"curies":[{"name":"wp","href":"https:\/\/api.w.org\/{rel}","templated":true}]}}