{"id":9542,"date":"2022-02-06T15:36:45","date_gmt":"2022-02-06T14:36:45","guid":{"rendered":"http:\/\/www.colegioluissolana.com\/?page_id=9542"},"modified":"2022-11-23T20:07:09","modified_gmt":"2022-11-23T19:07:09","slug":"actividades-21-22","status":"publish","type":"page","link":"https:\/\/www.colegioluissolana.com\/?page_id=9542","title":{"rendered":"ACTIVIDADES 21\/22"},"content":{"rendered":"<p><strong><img loading=\"lazy\" class=\"aligncenter wp-image-9550 size-full\" src=\"http:\/\/www.colegioluissolana.com\/wp-content\/uploads\/2022\/02\/Captura-de-pantalla-2022-02-06-a-las-16.07.07.png\" alt=\"\" width=\"1285\" height=\"728\" srcset=\"https:\/\/www.colegioluissolana.com\/wp-content\/uploads\/2022\/02\/Captura-de-pantalla-2022-02-06-a-las-16.07.07.png 1285w, https:\/\/www.colegioluissolana.com\/wp-content\/uploads\/2022\/02\/Captura-de-pantalla-2022-02-06-a-las-16.07.07-300x170.png 300w, https:\/\/www.colegioluissolana.com\/wp-content\/uploads\/2022\/02\/Captura-de-pantalla-2022-02-06-a-las-16.07.07-1024x580.png 1024w, https:\/\/www.colegioluissolana.com\/wp-content\/uploads\/2022\/02\/Captura-de-pantalla-2022-02-06-a-las-16.07.07-768x435.png 768w\" sizes=\"(max-width: 1285px) 100vw, 1285px\" \/><\/strong><\/p>\n<p><strong>HALLOWEEN<\/strong><\/p>\n<div style=\"width: 640px;\" class=\"wp-video\"><!--[if lt IE 9]><script>document.createElement('video');<\/script><![endif]-->\n<video class=\"wp-video-shortcode\" id=\"video-9542-1\" width=\"640\" height=\"363\" preload=\"metadata\" controls=\"controls\"><source type=\"video\/mp4\" src=\"http:\/\/www.colegioluissolana.com\/wp-content\/uploads\/2021\/11\/hALLOWEEN-2.mp4?_=1\" \/><a href=\"http:\/\/www.colegioluissolana.com\/wp-content\/uploads\/2021\/11\/hALLOWEEN-2.mp4\">http:\/\/www.colegioluissolana.com\/wp-content\/uploads\/2021\/11\/hALLOWEEN-2.mp4<\/a><\/video><\/div>\n<p>&nbsp;<\/p>\n<p><strong>TALLER CONCILIA2<\/strong><\/p>\n<p><img loading=\"lazy\" class=\"aligncenter wp-image-8618 size-full\" src=\"http:\/\/www.colegioluissolana.com\/wp-content\/uploads\/2021\/03\/Conciliados-2.png\" alt=\"\" width=\"309\" height=\"150\" srcset=\"https:\/\/www.colegioluissolana.com\/wp-content\/uploads\/2021\/03\/Conciliados-2.png 309w, https:\/\/www.colegioluissolana.com\/wp-content\/uploads\/2021\/03\/Conciliados-2-300x146.png 300w\" sizes=\"(max-width: 309px) 100vw, 309px\" \/><\/p>\n<p>&nbsp;<\/p>\n<p><strong>D\u00cdA DE LA DISCAPACIDAD<\/strong><\/p>\n<p><img loading=\"lazy\" class=\"aligncenter size-full wp-image-9612\" src=\"http:\/\/www.colegioluissolana.com\/wp-content\/uploads\/2022\/02\/20220224_180359-COLLAGE.jpg\" alt=\"\" width=\"1024\" height=\"1024\" srcset=\"https:\/\/www.colegioluissolana.com\/wp-content\/uploads\/2022\/02\/20220224_180359-COLLAGE.jpg 1024w, https:\/\/www.colegioluissolana.com\/wp-content\/uploads\/2022\/02\/20220224_180359-COLLAGE-300x300.jpg 300w, https:\/\/www.colegioluissolana.com\/wp-content\/uploads\/2022\/02\/20220224_180359-COLLAGE-150x150.jpg 150w, https:\/\/www.colegioluissolana.com\/wp-content\/uploads\/2022\/02\/20220224_180359-COLLAGE-768x768.jpg 768w\" sizes=\"(max-width: 1024px) 100vw, 1024px\" \/><\/p>\n<p><img loading=\"lazy\" class=\"aligncenter size-full wp-image-9613\" src=\"http:\/\/www.colegioluissolana.com\/wp-content\/uploads\/2022\/02\/IMG20211203112630.jpg\" alt=\"\" width=\"768\" height=\"576\" srcset=\"https:\/\/www.colegioluissolana.com\/wp-content\/uploads\/2022\/02\/IMG20211203112630.jpg 768w, https:\/\/www.colegioluissolana.com\/wp-content\/uploads\/2022\/02\/IMG20211203112630-300x225.jpg 300w\" sizes=\"(max-width: 768px) 100vw, 768px\" \/><\/p>\n<p><strong>NAVIDAD<\/strong><\/p>\n<p><img loading=\"lazy\" class=\"aligncenter size-full wp-image-9423\" src=\"http:\/\/www.colegioluissolana.com\/wp-content\/uploads\/2021\/12\/PROGRAMA_NAVIDENO.jpg\" alt=\"\" width=\"563\" height=\"667\" srcset=\"https:\/\/www.colegioluissolana.com\/wp-content\/uploads\/2021\/12\/PROGRAMA_NAVIDENO.jpg 563w, https:\/\/www.colegioluissolana.com\/wp-content\/uploads\/2021\/12\/PROGRAMA_NAVIDENO-253x300.jpg 253w\" sizes=\"(max-width: 563px) 100vw, 563px\" \/><\/p>\n<p><img loading=\"lazy\" class=\"aligncenter size-large wp-image-9427\" src=\"http:\/\/www.colegioluissolana.com\/wp-content\/uploads\/2021\/12\/GANADORES-1024x766.jpg\" alt=\"\" width=\"640\" height=\"479\" srcset=\"https:\/\/www.colegioluissolana.com\/wp-content\/uploads\/2021\/12\/GANADORES-1024x766.jpg 1024w, https:\/\/www.colegioluissolana.com\/wp-content\/uploads\/2021\/12\/GANADORES-300x224.jpg 300w, https:\/\/www.colegioluissolana.com\/wp-content\/uploads\/2021\/12\/GANADORES-768x574.jpg 768w, https:\/\/www.colegioluissolana.com\/wp-content\/uploads\/2021\/12\/GANADORES.jpg 1280w\" sizes=\"(max-width: 640px) 100vw, 640px\" \/><\/p>\n<p>&nbsp;<\/p>\n<p><img loading=\"lazy\" class=\"aligncenter size-large wp-image-9568\" src=\"http:\/\/www.colegioluissolana.com\/wp-content\/uploads\/2022\/02\/Captura-de-pantalla-2022-02-06-a-las-16.08.19-1024x590.png\" alt=\"\" width=\"640\" height=\"369\" srcset=\"https:\/\/www.colegioluissolana.com\/wp-content\/uploads\/2022\/02\/Captura-de-pantalla-2022-02-06-a-las-16.08.19-1024x590.png 1024w, https:\/\/www.colegioluissolana.com\/wp-content\/uploads\/2022\/02\/Captura-de-pantalla-2022-02-06-a-las-16.08.19-300x173.png 300w, https:\/\/www.colegioluissolana.com\/wp-content\/uploads\/2022\/02\/Captura-de-pantalla-2022-02-06-a-las-16.08.19-768x442.png 768w, https:\/\/www.colegioluissolana.com\/wp-content\/uploads\/2022\/02\/Captura-de-pantalla-2022-02-06-a-las-16.08.19.png 1278w\" sizes=\"(max-width: 640px) 100vw, 640px\" \/><\/p>\n<p><strong>D\u00cdA DE LA PAZ<\/strong><\/p>\n<div style=\"width: 640px;\" class=\"wp-video\"><video class=\"wp-video-shortcode\" id=\"video-9542-2\" width=\"640\" height=\"360\" preload=\"metadata\" controls=\"controls\"><source type=\"video\/mp4\" src=\"http:\/\/www.colegioluissolana.com\/wp-content\/uploads\/2022\/02\/La-Paz-2-2.mp4?_=2\" \/><a href=\"http:\/\/www.colegioluissolana.com\/wp-content\/uploads\/2022\/02\/La-Paz-2-2.mp4\">http:\/\/www.colegioluissolana.com\/wp-content\/uploads\/2022\/02\/La-Paz-2-2.mp4<\/a><\/video><\/div>\n<p>&nbsp;<\/p>\n<p style=\"text-align: center;\"><strong><span style=\"color: #000000;\"><a style=\"color: #000000;\" href=\"http:\/\/www.colegioluissolana.com\/wp-content\/uploads\/2022\/02\/SEMANA_DEL_AMOR_Y_DE_LA_AMISTAD.pdf\" target=\"_blank\" rel=\"noopener\">S<\/a><a style=\"color: #000000;\" href=\"http:\/\/www.colegioluissolana.com\/wp-content\/uploads\/2022\/02\/SEMANA_DEL_AMOR_Y_DE_LA_AMISTAD.pdf\" target=\"_blank\" rel=\"noopener\">EMANA DEL AMOR Y LA AMISTAD<\/a><\/span><\/strong><\/p>\n<p>&nbsp;<\/p>\n<p><img loading=\"lazy\" class=\"aligncenter wp-image-9564\" src=\"http:\/\/www.colegioluissolana.com\/wp-content\/uploads\/2022\/02\/Corazon.png\" alt=\"\" width=\"133\" height=\"97\" srcset=\"https:\/\/www.colegioluissolana.com\/wp-content\/uploads\/2022\/02\/Corazon.png 979w, https:\/\/www.colegioluissolana.com\/wp-content\/uploads\/2022\/02\/Corazon-300x218.png 300w, https:\/\/www.colegioluissolana.com\/wp-content\/uploads\/2022\/02\/Corazon-768x559.png 768w\" sizes=\"(max-width: 133px) 100vw, 133px\" \/><\/p>\n<p>&nbsp;<\/p>\n<p style=\"text-align: right;\"><a href=\"http:\/\/www.colegioluissolana.com\/wp-content\/uploads\/2022\/02\/CARNAVAL_2022-6.pdf\"><strong><span style=\"color: #000000;\">CARNAVAL_2022<\/span><\/strong><img loading=\"lazy\" class=\"aligncenter wp-image-9589\" src=\"http:\/\/www.colegioluissolana.com\/wp-content\/uploads\/2022\/02\/Carnaval.png\" alt=\"\" width=\"355\" height=\"205\" srcset=\"https:\/\/www.colegioluissolana.com\/wp-content\/uploads\/2022\/02\/Carnaval.png 979w, https:\/\/www.colegioluissolana.com\/wp-content\/uploads\/2022\/02\/Carnaval-300x173.png 300w, https:\/\/www.colegioluissolana.com\/wp-content\/uploads\/2022\/02\/Carnaval-768x443.png 768w\" sizes=\"(max-width: 355px) 100vw, 355px\" \/><\/a><\/p>\n<p><strong>CALENDARIO DE VALORES &#8211; MARZO &#8211; IGUALDAD<\/strong><\/p>\n<p><img loading=\"lazy\" class=\"size-full wp-image-9630 alignright\" src=\"http:\/\/www.colegioluissolana.com\/wp-content\/uploads\/2022\/03\/Concurso_puertas_Igualdad.jpg\" alt=\"\" width=\"1755\" height=\"1241\" srcset=\"https:\/\/www.colegioluissolana.com\/wp-content\/uploads\/2022\/03\/Concurso_puertas_Igualdad.jpg 1755w, https:\/\/www.colegioluissolana.com\/wp-content\/uploads\/2022\/03\/Concurso_puertas_Igualdad-300x212.jpg 300w, https:\/\/www.colegioluissolana.com\/wp-content\/uploads\/2022\/03\/Concurso_puertas_Igualdad-1024x724.jpg 1024w, https:\/\/www.colegioluissolana.com\/wp-content\/uploads\/2022\/03\/Concurso_puertas_Igualdad-768x543.jpg 768w, https:\/\/www.colegioluissolana.com\/wp-content\/uploads\/2022\/03\/Concurso_puertas_Igualdad-1536x1086.jpg 1536w\" sizes=\"(max-width: 1755px) 100vw, 1755px\" \/><\/p>\n<p>&nbsp;<\/p>\n<p>&nbsp;<\/p>\n<p>&nbsp;<\/p>\n<p>&nbsp;<\/p>\n<p>&nbsp;<\/p>\n<p>&nbsp;<\/p>\n<p>&nbsp;<\/p>\n<p>&nbsp;<\/p>\n<p>&nbsp;<\/p>\n<p>&nbsp;<\/p>\n<p><strong>NOSOTROS PODEMOS CAMBIAR EL MUNDO<\/strong><\/p>\n<p>Los alumnos y alumnas de 6\u00ba de Educaci\u00f3n Primaria han decidido mostrar el apoyo incondicional hacia aquellas personas que sufren diariamente las consecuencias de la guerra. Todos nosotros podemos cambiar el mundo hacia un mundo sin conflictos ni guerras. La Paz es la \u00fanica herramienta hacia la victoria.<\/p>\n<p><img loading=\"lazy\" class=\"aligncenter size-large wp-image-9663\" src=\"http:\/\/www.colegioluissolana.com\/wp-content\/uploads\/2022\/03\/no-a-la-guerra-637x1024.jpg\" alt=\"\" width=\"637\" height=\"1024\" srcset=\"https:\/\/www.colegioluissolana.com\/wp-content\/uploads\/2022\/03\/no-a-la-guerra-637x1024.jpg 637w, https:\/\/www.colegioluissolana.com\/wp-content\/uploads\/2022\/03\/no-a-la-guerra-187x300.jpg 187w, https:\/\/www.colegioluissolana.com\/wp-content\/uploads\/2022\/03\/no-a-la-guerra-768x1235.jpg 768w, https:\/\/www.colegioluissolana.com\/wp-content\/uploads\/2022\/03\/no-a-la-guerra-955x1536.jpg 955w, https:\/\/www.colegioluissolana.com\/wp-content\/uploads\/2022\/03\/no-a-la-guerra-1273x2048.jpg 1273w, https:\/\/www.colegioluissolana.com\/wp-content\/uploads\/2022\/03\/no-a-la-guerra-scaled.jpg 1592w\" sizes=\"(max-width: 637px) 100vw, 637px\" \/><\/p>\n<p>Como dec\u00eda Mar\u00eda Teresa de Calcuta, <em><strong>\u00abLa Paz comienza con una sonrisa\u00bb.<\/strong><\/em><\/p>\n<p><strong>CHARLA SOBRE ENERG\u00cdA<\/strong><\/p>\n<p>Gracias a la colaboraci\u00f3n de Victoria, la madre de una alumna del colegio, los alumnos y alumnas de 4\u00ba, 5\u00ba y 6\u00ba de Educaci\u00f3n Primaria recibieron una charla sobre la energ\u00eda, sus tipos y la importancia del uso de las energ\u00edas renovables.<\/p>\n<p><img loading=\"lazy\" class=\"aligncenter size-large wp-image-9675\" src=\"http:\/\/www.colegioluissolana.com\/wp-content\/uploads\/2022\/03\/Captura-de-pantalla-2022-03-23-a-las-18.19.24-1024x577.png\" alt=\"\" width=\"640\" height=\"361\" srcset=\"https:\/\/www.colegioluissolana.com\/wp-content\/uploads\/2022\/03\/Captura-de-pantalla-2022-03-23-a-las-18.19.24-1024x577.png 1024w, https:\/\/www.colegioluissolana.com\/wp-content\/uploads\/2022\/03\/Captura-de-pantalla-2022-03-23-a-las-18.19.24-300x169.png 300w, https:\/\/www.colegioluissolana.com\/wp-content\/uploads\/2022\/03\/Captura-de-pantalla-2022-03-23-a-las-18.19.24-768x433.png 768w, https:\/\/www.colegioluissolana.com\/wp-content\/uploads\/2022\/03\/Captura-de-pantalla-2022-03-23-a-las-18.19.24-1536x865.png 1536w, https:\/\/www.colegioluissolana.com\/wp-content\/uploads\/2022\/03\/Captura-de-pantalla-2022-03-23-a-las-18.19.24.png 2042w\" sizes=\"(max-width: 640px) 100vw, 640px\" \/><img loading=\"lazy\" class=\"aligncenter size-large wp-image-9676\" src=\"http:\/\/www.colegioluissolana.com\/wp-content\/uploads\/2022\/03\/Captura-de-pantalla-2022-03-23-a-las-18.20.27-1024x576.png\" alt=\"\" width=\"640\" height=\"360\" srcset=\"https:\/\/www.colegioluissolana.com\/wp-content\/uploads\/2022\/03\/Captura-de-pantalla-2022-03-23-a-las-18.20.27-1024x576.png 1024w, https:\/\/www.colegioluissolana.com\/wp-content\/uploads\/2022\/03\/Captura-de-pantalla-2022-03-23-a-las-18.20.27-300x169.png 300w, https:\/\/www.colegioluissolana.com\/wp-content\/uploads\/2022\/03\/Captura-de-pantalla-2022-03-23-a-las-18.20.27-768x432.png 768w, https:\/\/www.colegioluissolana.com\/wp-content\/uploads\/2022\/03\/Captura-de-pantalla-2022-03-23-a-las-18.20.27-1536x864.png 1536w, https:\/\/www.colegioluissolana.com\/wp-content\/uploads\/2022\/03\/Captura-de-pantalla-2022-03-23-a-las-18.20.27.png 2042w\" sizes=\"(max-width: 640px) 100vw, 640px\" \/><\/p>\n<p>&nbsp;<\/p>\n<p><img loading=\"lazy\" class=\"aligncenter size-large wp-image-9790\" src=\"http:\/\/www.colegioluissolana.com\/wp-content\/uploads\/2022\/05\/Captura-de-pantalla-2022-02-06-a-las-16.08.58-1-1024x577.png\" alt=\"\" width=\"640\" height=\"361\" srcset=\"https:\/\/www.colegioluissolana.com\/wp-content\/uploads\/2022\/05\/Captura-de-pantalla-2022-02-06-a-las-16.08.58-1-1024x577.png 1024w, https:\/\/www.colegioluissolana.com\/wp-content\/uploads\/2022\/05\/Captura-de-pantalla-2022-02-06-a-las-16.08.58-1-300x169.png 300w, https:\/\/www.colegioluissolana.com\/wp-content\/uploads\/2022\/05\/Captura-de-pantalla-2022-02-06-a-las-16.08.58-1-768x433.png 768w, https:\/\/www.colegioluissolana.com\/wp-content\/uploads\/2022\/05\/Captura-de-pantalla-2022-02-06-a-las-16.08.58-1.png 1267w\" sizes=\"(max-width: 640px) 100vw, 640px\" \/><\/p>\n<p><img loading=\"lazy\" class=\"aligncenter size-full wp-image-9738\" src=\"http:\/\/www.colegioluissolana.com\/wp-content\/uploads\/2022\/04\/PROGRAMA_SEMANA_DEL_LIBRO.jpg\" alt=\"\" width=\"1241\" height=\"1755\" srcset=\"https:\/\/www.colegioluissolana.com\/wp-content\/uploads\/2022\/04\/PROGRAMA_SEMANA_DEL_LIBRO.jpg 1241w, https:\/\/www.colegioluissolana.com\/wp-content\/uploads\/2022\/04\/PROGRAMA_SEMANA_DEL_LIBRO-212x300.jpg 212w, https:\/\/www.colegioluissolana.com\/wp-content\/uploads\/2022\/04\/PROGRAMA_SEMANA_DEL_LIBRO-724x1024.jpg 724w, https:\/\/www.colegioluissolana.com\/wp-content\/uploads\/2022\/04\/PROGRAMA_SEMANA_DEL_LIBRO-768x1086.jpg 768w, https:\/\/www.colegioluissolana.com\/wp-content\/uploads\/2022\/04\/PROGRAMA_SEMANA_DEL_LIBRO-1086x1536.jpg 1086w\" sizes=\"(max-width: 1241px) 100vw, 1241px\" \/><\/p>\n<p><img loading=\"lazy\" class=\"aligncenter size-full wp-image-9744\" src=\"http:\/\/www.colegioluissolana.com\/wp-content\/uploads\/2022\/04\/PROGRAMA_SEMANA_SALUDABLE.jpg\" alt=\"\" width=\"1241\" height=\"1755\" srcset=\"https:\/\/www.colegioluissolana.com\/wp-content\/uploads\/2022\/04\/PROGRAMA_SEMANA_SALUDABLE.jpg 1241w, https:\/\/www.colegioluissolana.com\/wp-content\/uploads\/2022\/04\/PROGRAMA_SEMANA_SALUDABLE-212x300.jpg 212w, https:\/\/www.colegioluissolana.com\/wp-content\/uploads\/2022\/04\/PROGRAMA_SEMANA_SALUDABLE-724x1024.jpg 724w, https:\/\/www.colegioluissolana.com\/wp-content\/uploads\/2022\/04\/PROGRAMA_SEMANA_SALUDABLE-768x1086.jpg 768w, https:\/\/www.colegioluissolana.com\/wp-content\/uploads\/2022\/04\/PROGRAMA_SEMANA_SALUDABLE-1086x1536.jpg 1086w\" sizes=\"(max-width: 1241px) 100vw, 1241px\" \/><\/p>\n","protected":false},"excerpt":{"rendered":"<p>HALLOWEEN &nbsp; TALLER CONCILIA2 &nbsp; D\u00cdA DE LA DISCAPACIDAD NAVIDAD &nbsp; D\u00cdA DE LA PAZ &nbsp; SEMANA DEL AMOR Y LA AMISTAD &nbsp; &nbsp; CARNAVAL_2022 CALENDARIO DE VALORES &#8211; MARZO &#8211; IGUALDAD &nbsp; &nbsp; &nbsp; &nbsp; &nbsp; &nbsp; &nbsp; &nbsp; &hellip; <a href=\"https:\/\/www.colegioluissolana.com\/?page_id=9542\">Sigue leyendo <span class=\"meta-nav\">&rarr;<\/span><\/a><\/p>\n","protected":false},"author":22,"featured_media":0,"parent":9046,"menu_order":1,"comment_status":"closed","ping_status":"closed","template":"","meta":[],"_links":{"self":[{"href":"https:\/\/www.colegioluissolana.com\/index.php?rest_route=\/wp\/v2\/pages\/9542"}],"collection":[{"href":"https:\/\/www.colegioluissolana.com\/index.php?rest_route=\/wp\/v2\/pages"}],"about":[{"href":"https:\/\/www.colegioluissolana.com\/index.php?rest_route=\/wp\/v2\/types\/page"}],"author":[{"embeddable":true,"href":"https:\/\/www.colegioluissolana.com\/index.php?rest_route=\/wp\/v2\/users\/22"}],"replies":[{"embeddable":true,"href":"https:\/\/www.colegioluissolana.com\/index.php?rest_route=%2Fwp%2Fv2%2Fcomments&post=9542"}],"version-history":[{"count":21,"href":"https:\/\/www.colegioluissolana.com\/index.php?rest_route=\/wp\/v2\/pages\/9542\/revisions"}],"predecessor-version":[{"id":9791,"href":"https:\/\/www.colegioluissolana.com\/index.php?rest_route=\/wp\/v2\/pages\/9542\/revisions\/9791"}],"up":[{"embeddable":true,"href":"https:\/\/www.colegioluissolana.com\/index.php?rest_route=\/wp\/v2\/pages\/9046"}],"wp:attachment":[{"href":"https:\/\/www.colegioluissolana.com\/index.php?rest_route=%2Fwp%2Fv2%2Fmedia&parent=9542"}],"curies":[{"name":"wp","href":"https:\/\/api.w.org\/{rel}","templated":true}]}}