{"id":9975,"date":"2022-07-13T11:38:23","date_gmt":"2022-07-13T10:38:23","guid":{"rendered":"http:\/\/www.colegioluissolana.com\/?page_id=9975"},"modified":"2025-07-03T10:24:52","modified_gmt":"2025-07-03T09:24:52","slug":"ayuda-comedores-escolares-y-libros-de-texto-jccm","status":"publish","type":"page","link":"https:\/\/www.colegioluissolana.com\/?page_id=9975","title":{"rendered":"AYUDA COMEDORES ESCOLARES Y LIBROS DE TEXTO JCCM"},"content":{"rendered":"<p class=\"cmParagraph\">El\u00a0<a title=\"\" href=\"https:\/\/docm.jccm.es\/docm\/eli\/es-cm\/d\/2025\/07\/01\/47\" target=\"_blank\" rel=\"noopener\">Decreto 47\/2025, de 1 de julio<img class=\"cmPopupIcon\" src=\"https:\/\/www.educa.jccm.es\/educacion\/imagenes\/popup\/popup_external_small.gif\" alt=\"Este enlace se abrir\u00e1 en una ventana nueva\" \/><\/a>, regula la concesi\u00f3n directa de ayudas destinadas al servicio de comedor escolar y uso de libros de texto y material curricular para el alumnado matriculado en centros docentes no universitarios sostenidos con fondos p\u00fablicos de Castilla-La Mancha.<\/p>\n<p class=\"cmParagraph\"><a title=\"\" href=\"https:\/\/www.educa.jccm.es\/alumnado\/es\/servicios-educativos\/materiales-curriculares\/convocatoria-ayudas-materiales-curriculares\/convocatoria-ayudas-comedores-escolares-libros-texto-curso-5.ficheros\/1072154-CORRECION%20ERRORES%20DECRETO%2047_2025%20.pdf\" target=\"_blank\" rel=\"noopener\">Correcci\u00f3n de errores del Decreto 47\/2025.<img class=\"cmPopupIcon\" src=\"https:\/\/www.educa.jccm.es\/educacion\/imagenes\/popup\/popup_external_small.gif\" alt=\"Este enlace se abrir\u00e1 en una ventana nueva\" \/><\/a><\/p>\n<p class=\"cmParagraph\">Las ayudas para el\u00a0<strong>uso de l<span class=\"cmUnderline \">ibros de texto y materiales curriculares<\/span>\u00a0ir\u00e1n destinadas al alumnado de Educaci\u00f3n Primaria y Secundaria Obligatoria<\/strong>\u00a0matriculado en centros sostenidos con fondos p\u00fablicos de Castilla-La Mancha, que no participa en el Banco de libros por no reunir los requisitos establecidos, y se encuentra en alguna de estas situaciones:<\/p>\n<ul>\n<li>Alumnado que utiliza material fungible no reutilizable de 1\u00ba y 2\u00ba EP, o digital en un proceso de desescalada de dicho formato hacia el libro de texto.<\/li>\n<\/ul>\n<ul>\n<li>Alumnado de centros concertados no adheridos a Banco de Libros.<\/li>\n<\/ul>\n<ul>\n<li>Alumnado que accede por primera vez a Banco de Libros, ya sea porque proviene de un centro en el que no existe dicha modalidad, o de un curso con material fungible no reutilizable (paso de 2\u00ba a 3\u00ba de EP).<\/li>\n<\/ul>\n<p class=\"cmParagraph\">En el caso de las ayudas de\u00a0<strong><span class=\"cmUnderline \">comedor escolar,<\/span>\u00a0ir\u00e1n destinadas al alumnado de segundo ciclo de Educaci\u00f3n Infantil y Educaci\u00f3n Primaria\u00a0<\/strong>en centros sostenidos con fondos p\u00fablicos de Castilla-La Mancha. Habr\u00e1 dos tramos de ayuda, en funci\u00f3n de la renta familiar establecida en los puntos 9 y 11 la Disposici\u00f3n Adicional Primera del Decreto 47\/2025.<\/p>\n<p class=\"cmParagraph\">Para poder hacer efectiva la ayuda de comedor, el centro debe disponer de servicio de comedor escolar o que haya, al menos, un centro p\u00fablico con servicio de comedor en su localidad.<\/p>\n<p class=\"cmParagraph\">Como novedad se establece una dotaci\u00f3n para la adquisici\u00f3n de material curricular destinado al\u00a0<strong>alumnado con necesidades educativas especiales<\/strong>, de 25 euros por cada alumno escolarizado en un centro ordinario y una dotaci\u00f3n de 50 euros por cada alumno escolarizado en un centro de educaci\u00f3n especial. Esta dotaci\u00f3n se establece de forma directa para todo el alumnado.<\/p>\n<p class=\"cmParagraph\">Por otro lado, se establece la concesi\u00f3n directa gratuita de comedor escolar para el alumnado de\u00a0<strong>centros de educaci\u00f3n especial p\u00fablicos<\/strong>, as\u00ed como para el alumnado de ense\u00f1anzas b\u00e1sicas de educaci\u00f3n infantil y primaria, con derecho a\u00a0<strong>transporte escolar<\/strong>\u00a0contratado por esta Administraci\u00f3n, con horario lectivo de ma\u00f1ana y tarde o cuando por razones de organizaci\u00f3n del transporte deba esperar m\u00e1s de 30 minutos para iniciar la ruta de retorno a su domicilio.<\/p>\n<p class=\"cmParagraph\">El Decreto 47\/2025 atiende de forma espec\u00edfica al alumnado en situaci\u00f3n de orfandad por el fallecimiento de su madre por causa de violencia de g\u00e9nero y al alumnado en situaci\u00f3n de acogimiento legal, eximi\u00e9ndoles de cumplir el requisito de renta familiar, y por tanto, reconociendo la ayuda de comedor escolar y uso de libros de texto.<\/p>\n<p class=\"cmParagraph\"><strong>Presentaci\u00f3n de solicitudes:<\/strong><\/p>\n<ul>\n<li><strong>FAMILIAS: del 3 al 16 de julio de 2025, ambos incluidos.<br \/>\n<\/strong>El \u00fanico medio de presentaci\u00f3n de las solicitudes por parte de las familias es de forma telem\u00e1tica mediante a trav\u00e9s de la\u00a0<a title=\"EducamosCLM\" href=\"https:\/\/educamosclm.castillalamancha.es\/\" target=\"_blank\" rel=\"noopener\"><strong>Secretar\u00eda Virtual de<\/strong>\u00a0<strong>EducamosCLM<\/strong><img class=\"cmPopupIcon\" src=\"https:\/\/www.educa.jccm.es\/educacion\/imagenes\/popup\/popup_external_small.gif\" alt=\"Este enlace se abrir\u00e1 en una ventana nueva\" \/><\/a><\/li>\n<li><strong>CENTROS PRIVADOS CONCERTADOS: del 3 al 16 de julio del 2025, ambos inclusive.<br \/>\n<\/strong>El \u00fanico medio de presentaci\u00f3n de las solicitudes es de forma telem\u00e1tica mediante la en la sede electr\u00f3nica de la Junta de Comunidades de Castilla-La Mancha, y una vez cumplimentada la solicitud la presentar\u00e1n mediante el env\u00edo telem\u00e1tico de datos con firma electr\u00f3nica a trav\u00e9s de la\u00a0<a title=\"\" href=\"https:\/\/www.jccm.es\/tramites\/1017916\" target=\"_blank\" rel=\"noopener\">web institucional de la Junta de Comunidades de Castilla-La Mancha<img class=\"cmPopupIcon\" src=\"https:\/\/www.educa.jccm.es\/educacion\/imagenes\/popup\/popup_external_small.gif\" alt=\"Este enlace se abrir\u00e1 en una ventana nueva\" \/><\/a>\u00a0(tr\u00e1mite SKLY).<\/li>\n<\/ul>\n<p class=\"cmParagraph\"><strong>Seguimiento de la Solicitud:<\/strong><\/p>\n<ul>\n<li><strong>FAMILIAS:\u00a0La informaci\u00f3n del proceso se realizar\u00e1 de forma individualizada en la\u00a0<\/strong>en la\u00a0<a title=\"EducamosCLM\" href=\"https:\/\/educamosclm.castillalamancha.es\/\" target=\"_blank\" rel=\"noopener\"><strong>Secretar\u00eda Virtual de<\/strong>\u00a0<strong>EducamosCLM<\/strong><img class=\"cmPopupIcon\" src=\"https:\/\/www.educa.jccm.es\/educacion\/imagenes\/popup\/popup_external_small.gif\" alt=\"Este enlace se abrir\u00e1 en una ventana nueva\" \/><\/a>, seleccionando la opci\u00f3n: C\u00d3MO VAN MIS TR\u00c1MITES&gt;Becas y Ayudas<br \/>\nO desde el men\u00fa lateral \u201cMis Tr\u00e1mites\u201d&gt;\u201dMis solicitudes\u201d&gt; \u201cMis solicitudes\u201d, donde aparecer\u00e1 la solicitud que se realiz\u00f3 en su momento y al hacer clic sobre ella aparecer\u00e1 la opci\u00f3n \u201dDatos de la solicitud\u201d, que mostrar\u00e1 la informaci\u00f3n del seguimiento.<\/li>\n<\/ul>\n<ul>\n<li><strong>CENTROS:\u00a0<\/strong>en la\u00a0<strong><a title=\"\" href=\"https:\/\/delphos.jccm.es\/delphos\/\" target=\"_blank\" rel=\"noopener\">Gesti\u00f3n de Centros de EducamosCLM<img class=\"cmPopupIcon\" src=\"https:\/\/www.educa.jccm.es\/educacion\/imagenes\/popup\/popup_external_small.gif\" alt=\"Este enlace se abrir\u00e1 en una ventana nueva\" \/><\/a><\/strong>\u00a0en la pantalla de gesti\u00f3n de las solicitudes,\u00a0<em>Alumnado &gt; Ayudas &gt;\u00a0Libros de texto y Comedores Escolares &gt; Relaci\u00f3n de solicitudes, seleccionando en Modalidad Ayuda \u201dAyuda de comedores y libros\u201d.<\/em><\/li>\n<\/ul>\n<p><img loading=\"lazy\" class=\"aligncenter  wp-image-12025\" src=\"http:\/\/www.colegioluissolana.com\/wp-content\/uploads\/2025\/07\/CARTEL.jpg\" alt=\"\" width=\"498\" height=\"704\" srcset=\"https:\/\/www.colegioluissolana.com\/wp-content\/uploads\/2025\/07\/CARTEL.jpg 800w, https:\/\/www.colegioluissolana.com\/wp-content\/uploads\/2025\/07\/CARTEL-212x300.jpg 212w, https:\/\/www.colegioluissolana.com\/wp-content\/uploads\/2025\/07\/CARTEL-724x1024.jpg 724w, https:\/\/www.colegioluissolana.com\/wp-content\/uploads\/2025\/07\/CARTEL-768x1086.jpg 768w\" sizes=\"(max-width: 498px) 100vw, 498px\" \/><\/p>\n<hr \/>\n<p style=\"text-align: center;\">\n","protected":false},"excerpt":{"rendered":"<p>El\u00a0Decreto 47\/2025, de 1 de julio, regula la concesi\u00f3n directa de ayudas destinadas al servicio de comedor escolar y uso de libros de texto y material curricular para el alumnado matriculado en centros docentes no universitarios sostenidos con fondos p\u00fablicos &hellip; <a href=\"https:\/\/www.colegioluissolana.com\/?page_id=9975\">Sigue leyendo <span class=\"meta-nav\">&rarr;<\/span><\/a><\/p>\n","protected":false},"author":21,"featured_media":0,"parent":9935,"menu_order":0,"comment_status":"closed","ping_status":"closed","template":"","meta":[],"_links":{"self":[{"href":"https:\/\/www.colegioluissolana.com\/index.php?rest_route=\/wp\/v2\/pages\/9975"}],"collection":[{"href":"https:\/\/www.colegioluissolana.com\/index.php?rest_route=\/wp\/v2\/pages"}],"about":[{"href":"https:\/\/www.colegioluissolana.com\/index.php?rest_route=\/wp\/v2\/types\/page"}],"author":[{"embeddable":true,"href":"https:\/\/www.colegioluissolana.com\/index.php?rest_route=\/wp\/v2\/users\/21"}],"replies":[{"embeddable":true,"href":"https:\/\/www.colegioluissolana.com\/index.php?rest_route=%2Fwp%2Fv2%2Fcomments&post=9975"}],"version-history":[{"count":7,"href":"https:\/\/www.colegioluissolana.com\/index.php?rest_route=\/wp\/v2\/pages\/9975\/revisions"}],"predecessor-version":[{"id":12026,"href":"https:\/\/www.colegioluissolana.com\/index.php?rest_route=\/wp\/v2\/pages\/9975\/revisions\/12026"}],"up":[{"embeddable":true,"href":"https:\/\/www.colegioluissolana.com\/index.php?rest_route=\/wp\/v2\/pages\/9935"}],"wp:attachment":[{"href":"https:\/\/www.colegioluissolana.com\/index.php?rest_route=%2Fwp%2Fv2%2Fmedia&parent=9975"}],"curies":[{"name":"wp","href":"https:\/\/api.w.org\/{rel}","templated":true}]}}